{"id":16,"date":"2020-10-20T10:17:29","date_gmt":"2020-10-20T08:17:29","guid":{"rendered":"http:\/\/nowa.dpconsulting.pl\/?page_id=16"},"modified":"2024-11-14T14:57:10","modified_gmt":"2024-11-14T13:57:10","slug":"partnerzy","status":"publish","type":"page","link":"https:\/\/dpconsulting.pl\/index.php\/partnerzy\/","title":{"rendered":"Partnerzy"},"content":{"rendered":"<div id=\"pl-gb16-6a045e098d9da\"  class=\"panel-layout\" ><div id=\"pg-gb16-6a045e098d9da-0\"  class=\"panel-grid panel-no-style\" ><div id=\"pgc-gb16-6a045e098d9da-0-0\"  class=\"panel-grid-cell\" ><div id=\"panel-gb16-6a045e098d9da-0-0-0\" class=\"so-panel widget widget_sow-editor panel-first-child\" data-index=\"0\" ><div\n\t\t\t\n\t\t\tclass=\"so-widget-sow-editor so-widget-sow-editor-base\"\n\t\t\t\n\t\t><h3 class=\"widget-title\">Audit Lab<\/h3>\n<div class=\"siteorigin-widget-tinymce textwidget\">\n\t<p><img loading=\"lazy\" decoding=\"async\" class=\"wp-image-490 size-full alignleft\" src=\"https:\/\/dpconsulting.pl\/wp-content\/uploads\/2020\/10\/auditlab.jpg\" alt=\"\" width=\"100\" height=\"142\" \/><\/p>\n<p style=\"text-align: justify;\">Audit Lab Sp. z o. o. jest do\u015bwiadczonym podmiotem w bran\u017cy us\u0142ug audytu i badania sprawozda\u0144 finansowych. Sp\u00f3\u0142ka istnieje od 2009 roku, \u015bwiadczy us\u0142ugi audytu i badania sprawozda\u0144 zgodnie z Krajowymi Standardami Rewizji Finansowej oraz Kodeksem Etyki Dla Zawodowych Ksi\u0119gowych przyj\u0119tym przez IFAC.<\/p>\n<p><a href=\"http:\/\/www.auditlab.pl\/\">www.auditlab.pl<\/a><\/p>\n<\/div>\n<\/div><\/div><div id=\"panel-gb16-6a045e098d9da-0-0-1\" class=\"so-panel widget widget_sow-editor\" data-index=\"1\" ><div\n\t\t\t\n\t\t\tclass=\"so-widget-sow-editor so-widget-sow-editor-base\"\n\t\t\t\n\t\t><h3 class=\"widget-title\">Hypercrew<\/h3>\n<div class=\"siteorigin-widget-tinymce textwidget\">\n\t<p><img loading=\"lazy\" decoding=\"async\" class=\"size-full wp-image-391 alignleft\" src=\"https:\/\/dpconsulting.pl\/wp-content\/uploads\/2020\/10\/hypercrew-1.jpg\" alt=\"\" width=\"100\" height=\"142\" \/><\/p>\n<p style=\"text-align: justify;\">Zesp\u00f3\u0142 hypercrew \u0142\u0105cznie przez 23 lata projektuje skuteczne rozwi\u0105zania w dziedzinie nowego marketingu, tworzeniu identyfikacji wizualnej, budowaniu w\u0142a\u015bciwej strategii komunikacji, prowadzeniu kampanii reklamowych, wykorzystaniu nowych medi\u00f3w w komunikacji (serwisy www, multimedia, marketing mobilny). Firma realizowa\u0142a projekty dla najwi\u0119kszych firm w na \u015bwiecie, m.in. eBay, yariv milchan, US Army, Social Security, Sony, Panasonic, Mercedes. DPC r\u00f3wnie\u017c korzysta z jej bogatego do\u015bwiadczenia.<\/p>\n<p><a href=\"http:\/\/www.hypercrew.pl\/\">www.hypercrew.pl<\/a><\/p>\n<\/div>\n<\/div><\/div><div id=\"panel-gb16-6a045e098d9da-0-0-2\" class=\"so-panel widget widget_sow-editor panel-last-child\" data-index=\"2\" ><div\n\t\t\t\n\t\t\tclass=\"so-widget-sow-editor so-widget-sow-editor-base\"\n\t\t\t\n\t\t><h3 class=\"widget-title\">Opti &#8211; Net System<\/h3>\n<div class=\"siteorigin-widget-tinymce textwidget\">\n\t<p><img loading=\"lazy\" decoding=\"async\" class=\" wp-image-1409 alignleft\" src=\"https:\/\/dpconsulting.pl\/wp-content\/uploads\/2024\/11\/logo.png\" alt=\"\" width=\"203\" height=\"98\" \/>Do\u015bwiadczona firma informatyczna, kt\u00f3ra dzia\u0142a na rynku od 2000 roku. Dzia\u0142alno\u015b\u0107 Opti &#8211; Net System koncentruje si\u0119 na szeroko poj\u0119tej pomocy w r\u00f3\u017cnych bran\u017cach, takich jak outsourcing IT oraz us\u0142ugi teletechniczne i teleinformatyczne.<\/p>\n<p><a href=\"https:\/\/opti-net.pl\">https:\/\/opti-net.pl<\/a><\/p>\n<p>&nbsp;<\/p>\n<p>&nbsp;<\/p>\n<\/div>\n<\/div><\/div><\/div><div id=\"pgc-gb16-6a045e098d9da-0-1\"  class=\"panel-grid-cell\" ><div id=\"panel-gb16-6a045e098d9da-0-1-0\" class=\"so-panel widget widget_sow-editor panel-first-child\" data-index=\"3\" ><div\n\t\t\t\n\t\t\tclass=\"so-widget-sow-editor so-widget-sow-editor-base\"\n\t\t\t\n\t\t><h3 class=\"widget-title\">Locos<\/h3>\n<div class=\"siteorigin-widget-tinymce textwidget\">\n\t<p><img loading=\"lazy\" decoding=\"async\" class=\"size-full wp-image-393 alignleft\" src=\"https:\/\/dpconsulting.pl\/wp-content\/uploads\/2020\/10\/locos-1.jpg\" alt=\"\" width=\"100\" height=\"141\" \/><\/p>\n<p style=\"text-align: justify;\">Bezpiecze\u0144stwo i Audyt IT to portal dla wszystkich zainteresowanych tematyk\u0105 bezpiecze\u0144stwa, kontroli (audytu) bezpiecze\u0144stwa, IT Governance w sieciach i systemach teleinformatycznych a tak\u017ce ochrony danych w tym danych osobowych. Portal dla administrator\u00f3w system\u00f3w, audytor\u00f3w IT, oficer\u00f3w bezpiecze\u0144stwa, administrator\u00f3w bezpiecze\u0144stwa informacji oraz informatyk\u00f3w.<\/p>\n<p><a href=\"http:\/\/www.locos.pl\">https:\/\/locos.pl<\/a><\/p>\n<\/div>\n<\/div><\/div><div id=\"panel-gb16-6a045e098d9da-0-1-1\" class=\"so-panel widget widget_sow-editor panel-last-child\" data-index=\"4\" ><div\n\t\t\t\n\t\t\tclass=\"so-widget-sow-editor so-widget-sow-editor-base\"\n\t\t\t\n\t\t><h3 class=\"widget-title\">Consultor<\/h3>\n<div class=\"siteorigin-widget-tinymce textwidget\">\n\t<p><img loading=\"lazy\" decoding=\"async\" class=\" wp-image-1400 alignleft\" src=\"https:\/\/dpconsulting.pl\/wp-content\/uploads\/2024\/11\/consultor-logo.png\" alt=\"\" width=\"189\" height=\"130\" \/>Us\u0142ugi w zakresie przeprowadzania analiz finansowych, controllingu oraz\u00a0pozyskiwania \u015brodk\u00f3w z Funduszy Unii Europejskiej, pomoc i doradztwo w procesie rejestracji firmy, prowadzenie rejestru zakupu i sprzeda\u017cy VAT zgodnie z przepisami.<\/p>\n<p><a href=\"http:\/\/www.consultor.opole.pl\/\">http:\/\/www.consultor.opole.pl<\/a><\/p>\n<p>&nbsp;<\/p>\n<p>&nbsp;<\/p>\n<\/div>\n<\/div><\/div><\/div><\/div><\/div>","protected":false},"excerpt":{"rendered":"<p>Audit Lab Sp. z o. o. jest do\u015bwiadczonym podmiotem w bran\u017cy us\u0142ug audytu i badania sprawozda\u0144 finansowych. Sp\u00f3\u0142ka istnieje od 2009 roku, \u015bwiadczy us\u0142ugi audytu i badania sprawozda\u0144 zgodnie z Krajowymi Standardami Rewizji Finansowej oraz Kodeksem Etyki Dla Zawodowych Ksi\u0119gowych przyj\u0119tym przez IFAC. www.auditlab.pl Zesp\u00f3\u0142 hypercrew \u0142\u0105cznie przez 23 lata projektuje skuteczne rozwi\u0105zania w dziedzinie [&hellip;]<\/p>\n","protected":false},"author":1,"featured_media":0,"parent":0,"menu_order":0,"comment_status":"closed","ping_status":"closed","template":"","meta":{"footnotes":""},"class_list":["post-16","page","type-page","status-publish","hentry","post"],"_links":{"self":[{"href":"https:\/\/dpconsulting.pl\/index.php\/wp-json\/wp\/v2\/pages\/16","targetHints":{"allow":["GET"]}}],"collection":[{"href":"https:\/\/dpconsulting.pl\/index.php\/wp-json\/wp\/v2\/pages"}],"about":[{"href":"https:\/\/dpconsulting.pl\/index.php\/wp-json\/wp\/v2\/types\/page"}],"author":[{"embeddable":true,"href":"https:\/\/dpconsulting.pl\/index.php\/wp-json\/wp\/v2\/users\/1"}],"replies":[{"embeddable":true,"href":"https:\/\/dpconsulting.pl\/index.php\/wp-json\/wp\/v2\/comments?post=16"}],"version-history":[{"count":45,"href":"https:\/\/dpconsulting.pl\/index.php\/wp-json\/wp\/v2\/pages\/16\/revisions"}],"predecessor-version":[{"id":1428,"href":"https:\/\/dpconsulting.pl\/index.php\/wp-json\/wp\/v2\/pages\/16\/revisions\/1428"}],"wp:attachment":[{"href":"https:\/\/dpconsulting.pl\/index.php\/wp-json\/wp\/v2\/media?parent=16"}],"curies":[{"name":"wp","href":"https:\/\/api.w.org\/{rel}","templated":true}]}}